 x = -70 + 74. Suppose 0 = -2*z + 35 - 27. Suppose z*i - 96 = i. What is the greatest common divisor of x and i?
4
Let f be (17/2)/(1/32). Suppose -8*t + 44 + 4 = 0. Let l = f - t. Calculate the highest common divisor of 38 and l.
38
Suppose -10*i - 20*i = -23100. What is the greatest common factor of 140 and i?
70
Suppose 4*t - 11558 + 524 = -3*f, -5*t + 3*f + 13833 = 0. What is the greatest common divisor of 1535 and t?
307
Suppose -34 = -14*c + 2346. Suppose 5*i = 4*q - c, 0 = 12*i - 16*i + 8. What is the greatest common factor of 153 and q?
9
Let h = -9089 + 9439. What is the highest common divisor of 392 and h?
14
Let d be -2 - (5 + -4) - 0. Let v(u) = u**3 + 2*u**2 - 7*u + 3. Let a be v(d). What is the highest common divisor of 40 and a?
5
Suppose 6474 = 9*r + 1605. Let j = r + -526. What is the highest common divisor of 120 and j?
15
Suppose 21*j = 17*j + 2464. Suppose -39 = -93*x + 80*x. Suppose -x*w = -121 - 47. Calculate the greatest common factor of w and j.
56
Let d = 3445 - 3417. Calculate the greatest common divisor of 196 and d.
28
Suppose 25 = 5*o, 5*t - 170 = -o - 4*o. Suppose 14*q - 2193 = -t*q. Suppose 3*b - 136 = -b. What is the highest common divisor of q and b?
17
Let s be (3/(-1))/(75/1375). Let c be ((-4 - -7)/(-3))/(5/s). Calculate the greatest common divisor of c and 330.
11
Let j be 6 + (-15)/(-20)*-2*(-32)/12. Calculate the highest common divisor of j and 10.
10
Suppose -36 = -2*v - 2*y, -5*v - 3*y + 125 = -5*y. Suppose -5*d = -4*d - v. Let j = 9572 + -9549. What is the greatest common divisor of j and d?
23
Suppose -3*u + 0*z = -z - 75, -5*u + 2*z = -126. Suppose -2*v - 4*c = 24, -4*v - 2*c = -7*c + 61. Let t = -8 - v. What is the greatest common factor of t and u?
6
Let a(f) = -30*f + 25. Let u be a(-13). Suppose 2*h + 123 = -403. Let r = u + h. Calculate the greatest common factor of r and 19.
19
Suppose 0 = -369*u + 15267 + 219417. What is the greatest common divisor of u and 2703?
159
Suppose -4*o + 95 = -3*x, -5*o + 6*o - 19 = -4*x. Let u = -286 - -125. Let y be -3 - (-6 - -3) - u. Calculate the highest common factor of o and y.
23
Let p(q) = 3*q**2 + q + 44. Let w be p(-15). What is the highest common factor of w and 64?
64
Let f(r) = 20*r - 21. Let l be f(4). Suppose 6*h - 73 = l. Calculate the greatest common divisor of 33 and h.
11
Let f be 744/22 - 2*(-3)/33. Suppose -4*i = 2*r - f, 3*i - 11 - 1 = 0. Suppose 0*q = -r*q + 450. What is the greatest common factor of 75 and q?
25
Let t = -2 + 17. Suppose 0*y = -i + 4*y + t, -2*i + 30 = 5*y. Suppose -5*b + 34 = -3*b - 2*o, 0 = -2*b - o + 28. Calculate the highest common factor of i and b.
15
Let o(d) = -d**3 + 9*d**2 - 4*d - 8. Let s be o(8). Let i = 6454 - 6262. What is the greatest common factor of s and i?
24
Let w be (362/8)/1 + 10/(-8). Suppose -w - 253 = -9*c. Calculate the greatest common divisor of c and 407.
11
Let r(i) = 3*i**3 - 93*i**2 - 303*i - 60. Let h be r(34). Suppose 0 = -4*p + 105 - 33. Calculate the greatest common factor of h and p.
6
Let t be 12855 - (72/(-15) + 20/25). Calculate the highest common divisor of 11 and t.
11
Suppose d + 39 = -4*g, -2*g - 2*d - d - 27 = 0. Let l = g - -51. Calculate the highest common factor of 462 and l.
42
Suppose 0 = 8*m - 1786 - 614. Suppose 3*w = -3*i + m, 3*i - 3*w + 13 - 301 = 0. Let z be 0 - (-2 + 1) - -13. What is the greatest common divisor of z and i?
14
Let w(z) = 12*z**2 + 10*z + 18. Let a(x) = 5*x**2 + 5*x + 9. Let r(h) = 7*a(h) - 3*w(h). Let p be r(5). What is the greatest common divisor of 171 and p?
9
Suppose 59*g - 2511 = 3323 + 23489. What is the highest common factor of 2059 and g?
71
Let x = 88 - 90. Let h be (-92)/((4/12)/(x/3)). Suppose 0*r = 4*z - r - 95, 2*r = -3*z + 63. What is the highest common factor of z and h?
23
Let w be (-4)/(-10) - ((-1011502)/2745 - (-2)/(-18)). What is the highest common divisor of 984 and w?
123
Let m be 195/(-5)*69/(-207). What is the highest common divisor of 28522 and m?
13
Let k be (-2)/(-4)*51/255 + 518/20. What is the highest common divisor of k and 3900?
26
Let t = -225 - 146. Let l = t - -373. What is the greatest common factor of l and 74?
2
Suppose 163*w + 636 = 175*w. Suppose v = t - w, -4*v - 31 = -t + 19. What is the highest common divisor of t and 81?
27
Let w be 380/38 + -5 + -1. Let z be ((-910)/(-39))/((-3)/(-18)*w). What is the highest common factor of 1120 and z?
35
Let g be -6 - ((-1604)/36 - (-28)/(-63)). Suppose 37 = 3*r + i, 0 = i + 3*i - 4. Let q = g - r. Calculate the greatest common factor of 27 and q.
27
Let f = 16107 + -8172. Calculate the greatest common divisor of 207 and f.
69
Suppose 4386 = -34*a + 51*a. What is the greatest common factor of 3999 and a?
129
Let b(k) = 341*k - 10879. Let g(z) = -11*z + 351. Let p(s) = -6*b(s) - 187*g(s). Let y be p(36). What is the highest common divisor of y and 176?
11
Let r be 9 - (-310)/4 - (-4)/(-8). What is the highest common factor of 344 and r?
86
Suppose -92 = -16*l + 6948. Let r be -1 - 1 - -4 - l/(-4). What is the greatest common factor of 280 and r?
56
Suppose -66 = 32*m - 65*m. What is the highest common factor of 142 and m?
2
Let a(j) = 7*j**3 + 14*j**2 - 42*j + 45. Let g be a(8). Calculate the highest common factor of g and 71.
71
Let f(k) = -k**2 - 140*k + 6582. Let s be f(-177). Let d(z) = 120*z + 1. Let t be d(1). Calculate the greatest common factor of t and s.
11
Suppose 0 = 8*y - 7*y - 24. What is the greatest common factor of y and 60?
12
Suppose 0 = -5*f - 6*b + 4*b - 1599, 0 = -5*f + b - 1593. Let q = 359 + f. Let n = -32 - -82. What is the highest common factor of q and n?
10
Let o be (-31)/(-248) + 7195/40. What is the highest common factor of 1755 and o?
45
Suppose k + 16*k - 1275 = 0. What is the greatest common divisor of k and 195?
15
Suppose 3*i + 2*g = -46 + 12, 5*i + 2*g + 54 = 0. Let b be -3*4/(6 + i). Calculate the highest common divisor of 24 and b.
3
Suppose -29*i + p = -33*i + 455, 0 = 4*i - 2*p - 458. What is the greatest common divisor of 1482 and i?
114
Suppose 3*o + 5*g = 2205, -4*g + 6*g + 2184 = 3*o. What is the highest common divisor of 50 and o?
10
Suppose -35*q + 16359 - 15519 = 0. Let o = 8 + -6. Let p = o + 4. Calculate the greatest common divisor of p and q.
6
Let l be (-7 - -67)/(10 + 235/(-25)). Calculate the highest common divisor of l and 225.
25
Suppose 5*n - 2*f - 28 = 0, 2*n - 4*f + 2*f - 16 = 0. Let d(k) = k**3 - 1 + 2 + 5*k**2 + n + 2. Let c be d(-5). What is the greatest common divisor of 7 and c?
7
Let l = -8356 + 11724. What is the greatest common factor of l and 16?
8
Suppose -2614*a + 2662*a = 48384. What is the greatest common factor of 52 and a?
4
Let d(b) = -24*b**2 - 3*b - 3. Let j be d(-2). Let f = j + 142. Suppose -1214 = -3*z - 1151. What is the greatest common factor of z and f?
7
Let z = -2633 + 6406. Calculate the greatest common divisor of z and 77.
77
Let r = 10 + 14. Suppose 56*y = 51*y + 300. What is the greatest common divisor of y and r?
12
Suppose 0 = 7*i - 2*i - 20. Suppose -82*u + 124 = -86*u. Let a = -15 - u. Calculate the highest common factor of i and a.
4
Let d(j) = -96*j - 3452. Let a be d(-36). Calculate the greatest common factor of a and 1002.
2
Let v be ((-52)/((-1)/(-1)))/(-2). Suppose x + v = 3*r, r + 1 = 5*x + 5. Suppose -179*l + 4540 + 6737 = 0. What is the greatest common divisor of l and r?
9
Suppose -196 = 20*u - 1516. Calculate the greatest common divisor of 10 and u.
2
Let o be 15*(-2 - (-42)/18). Suppose -4*j = -3*m + o*m - 1794, -j = 4*m - 438. Calculate the greatest common divisor of 18 and j.
18
Let x = 11 - 7. Suppose -x*v - 5*s = -9*v, -4*s = v - 10. Suppose 4*r = -5*o + 45, -v*o + o + 10 = r. Calculate the highest common factor of 5 and r.
5
Suppose -4*i + 22 = q, 0 = 4*q - q - i - 14. Calculate the greatest common divisor of q and 96.
6
Suppose -6*n - 388 = -628. Let y be -26 - (3 + 4 + -7). Let l = -10 - y. What is the greatest common divisor of l and n?
8
Suppose 105 = 2*s - 15. Suppose 212 + 44 = 3*f - 2*k, 0 = -f + 4*k + 92. What is the highest common factor of s and f?
12
Let a(d) = 792*d**2 - d + 46. Let p be a(-6). Calculate the highest common factor of p and 148.
148
Suppose -23343 + 104441 = 41*l. Calculate the highest common factor of 602 and l.
86
Let z(s) = 4*s**3 - 15